
2154707040
In base 8, what is 60 - 124166216?
-124166136
In base 16, what is 92 - 27638?
-275a6
In base 9, what is 40420168 - 8?
40420160
In base 7, what is -666 - 321142?
-322141
In base 11, what is 12 + a439344?
a439356
In base 16, what is -47a - 494f?
-4dc9
In base 8, what is 1 - -7711161?
7711162
In base 9, what is -1216662024 - 2?
-1216662026
In base 8, what is -232244 - -3?
-232241
In base 14, what is -2d8c5557 + -4?
-2d8c555b
In base 7, what is 3243616265 - 3?
3243616262
In base 11, what is 39 + 22320?
22359
In base 5, what is 121 - 22311242?
-22311121
In base 2, what is -11011010010001000011110110 + -1001?
-11011010010001000011111111
In base 8, what is 5 + -4157346?
-4157341
In base 9, what is 320 + -135368?
-135048
In base 12, what is -924776a1 + 5?
-92477698
In base 9, what is 5 + 8061227?
8061233
In base 11, what is -789304aa3 - -1?
-789304aa2
In base 8, what is 2572 - -445332?
450124
In base 7, what is -1140325 + -152?
-1140510
In base 4, what is -1122133130 + -21321?
-1122221111
In base 2, what is -100100101010001001100 + -11001000?
-100100101010100010100
In base 9, what is -148 - 843728?
-843877
In base 12, what is 5 + -334b7974?
-334b796b
In base 2, what is -100110110111001110 + -11101010110?
-100111010100100100
In base 5, what is 21 - -101342322203?
101342322224
In base 14, what is 11 - -1681440?
1681451
In base 15, what is 3a2e32d + -2?
3a2e32b
In base 9, what is 11 + 10655087?
10655108
In base 9, what is -123 + 3037871?
3037747
In base 8, what is 21042076 + 13?
21042111
In base 5, what is 2 + 4421111401?
4421111403
In base 2, what is -1011 - 1010110111111110111111110?
-1010110111111111000001001
In base 4, what is 3 - -10123112313?
10123112322
In base 8, what is -5365314 + 0?
-5365314
In base 2, what is 0 + -1001001111100110001001101?
-1001001111100110001001101
In base 8, what is -2242 + 242265?
240023
In base 11, what is 780202 - -5?
780207
In base 9, what is 4163771 - -54?
4163835
In base 2, what is -10000110 - -11101100101010000000?
11101100100111111010
In base 2, what is 100101011000000 - 10000110?
100101000111010
In base 15, what is 4 - 2164079?
-2164075
In base 14, what is -a63 + -d7a1?
-10424
In base 11, what is -2a58 + 3a6?
-2662
In base 5, what is 121 + -30332010?
-30331334
In base 14, what is -16817 + -190?
-169a7
In base 12, what is -334b - a4?
-3433
In base 8, what is -76326 + 115550?
17222
In base 13, what is -19 - -388c26?
388c0a
In base 5, what is 2013120 + 2131?
2020301
In base 8, what is 1132142 + 20?
1132162
In base 2, what is 11101 - -10010001111?
10010101100
In base 8, what is -255 + 755747?
755472
In base 15, what is -4 - -59809?
59805
In base 10, what is -4 - 2958281?
-2958285
In base 14, what is 2cd5 - 6094?
-319d
In base 11, what is -31107a + -12?
-311091
In base 14, what is 40a7d962 + 4?
40a7d966
In base 8, what is -11401 + -1165?
-12566
In base 16, what is 1 + -b89da?
-b89d9
In base 11, what is -1 - -110a6740a?
110a67409
In base 7, what is 4450330531 - -5?
4450330536
In base 13, what is -1a5cb2 - -3?
-1a5cac
In base 5, what is 1 - -21004241402?
21004241403
In base 11, what is -26906a - 4a6?
-269565
In base 8, what is -111 - -122501?
122370
In base 13, what is -2 + 1169b74?
1169b72
In base 13, what is 22537 + 69?
225a3
In base 14, what is -2b6da23 - b?
-2b6da30
In base 15, what is -1932 - -b7?
-186a
In base 16, what is -2 + 13830c?
13830a
In base 2, what is -1100 + 10111011001100101110111100?
10111011001100101110110000
In base 7, what is 4 - -65306566?
65306603
In base 13, what is 4622 - -3b1?
4a03
In base 12, what is -4588 + 342b9?
2b931
In base 15, what is 1 + -161c9ee?
-161c9ed
In base 6, what is -10530521341 - -3?
-10530521334
In base 6, what is 441221 + -10103?
431114
In base 4, what is 11 - -31031220313?
31031220330
In base 12, what is 549 + 16817?
17164
In base 14, what is 1c04 + 1016?
2c1a
In base 14, what is 34c2735 - a?
34c2729
In base 14, what is 1b70 + 904d?
abbd
In base 16, what is d + -aa33b?
-aa32e
In base 2, what is 1011101001101 - -10010000000?
1101111001101
In base 16, what is -88a3 - 22a?
-8acd
In base 10, what is -4 + 589954?
589950
In base 5, what is -20 + 104423410302?
104423410232
In base 4, what is -332222 - -1002203?
3321
In base 3, what is -111001 - 1002010020?
-1002121021
In base 7, what is -3 + 112403151?
112403145
In base 11, what is -15582 + -1206?
-16788
In base 10, what is -2222148 - -24?
-2222124
In base 12, what is 109b336 - -4?
109b33a
In base 5, what is -103333 - 1302040?
-1410423
In base 7, what is -26251332 + -624?
-26252256
In base 3, what is 101 - -100201012210021?
100201012210122
In base 9, what is 5 + -17621307?
-17621302
In base 14, what is -1266a - bb?
-12747
In base 8, what is -6317 - 1325510?
-1334027
In base 8, what is 21 - -411257?
411300
In base 6, what is 5 - -14034241223?
14034241232
In base 7, what is -12362 + -244?
-12636
In base 11, what is -140a230 - 3?
-140a233
In base 5, what is 223 - 2130320330?
-2130320102
In base 3, what is -1020102201200 + 1102?
-1020102200021
In base 6, what is -54415 + 10252?
-44123
In base 4, what is 212021 + -1110330?
-232303
In base 10, what is 6076956 - -1?
6076957
In base 12, what is -322 + -30419?
-3073b
In base 13, what is -5 + a7ca2aa?
a7ca2a5
In base 4, what is 33320102 + -1220111?
32033331
In base 16, what is 24be88 - -63?
24beeb
In base 6, what is 331 - 2241033?
-2240302
In base 11, what is 3 - 484821?
-484819
In base 5, what is -23121 - 10304024?
-10332200
In base 12, what is 3097328 + -3?
3097325
In base 11, what is 1447660 + -40?
1447620
In base 10, what is 3472 - 415?
3057
In base 14, what is 8c6125 - -29?
8c6150
In base 12, what is 16747 + a65b?
251a6
In base 6, what is -2541 - 24230200?
-24233141
In base 12, what is -4 + 468615a?
4686156
In base 2, what is 100101111 + -1000010000001111?
-1000001011100000
In base 8, what is -126356 - -2461?
-123675
In base 11, what is -25 + -101137?
-101161
In base 4, what is -13 - -23230301220?
23230301201
In base 16, what is 31292c - -15e?
312a8a
In base 15, what is 2b767328 + 1?
2b767329
In base 16, what is -172 - 72df1?
-72f63
In base 11, what is -928257 - -5?
-928252
In base 2, what is 100001111 - 10101101111110?
-10101001101111
In base 14, what is 2 + -30998548?
-30998546
In base 10, what is 3 - -933706?
933709
In base 5, what is 14031 + 243023?
312104
In base 4, what is 0 + 10231331212033?
10231331212033
In base 16, what is -3 - 87328?
-8732b
In base 7, what is 2306521 + 1364?
2311215
In base 4, what is 3121231313 + 2131?
3121300110
In base 12, what is 3b512 - -8847?
48159
In base 10, what is -558418 + -24?
-558442
In base 7, what is 205664435 + 0?
205664435
In base 4, what is 101222102113 + 11?
101222102130
In base 5, what is -100412202414 + 10?
-100412202404
In base 5, what is 21121001 - 33012?
21032434
In base 15, what is -2122004 + 6?
-2121eed
In base 13, what is -21b9c9 + b9?
-21b910
In base 9, what is 7831464 + 88?
7831563
In base 5, what is 423222 + 12124?
440401
In base 5, what is -110 + 23031313043?
23031312433
In base 16, what is -1ad7b3 - -6?
-1ad7ad
In base 4, what is -1 + 3211121331212?
3211121331211
In base 15, what is 2e - 3d6e?
-3d40
In base 7, what is 1 + 22554663?
22554664
In base 15, what is 1591d20 - 7?
1591d18
In base 8, what is 231 + -3313716?
-3313465
In base 15, what is 63118 - -68?
63181
In base 16, what is 39225a - 5?
392255
In base 9, what is 3 + -642246456?
-642246453
In base 6, what is -352342024 - 44?
-352342112
In base 12, what is 71a + -10131?
-b613
In base 11, what is 21248 - 845?
20503
In base 2, what is 101 + -1000000011101010011010?
-1000000011101010010101
In base 2, what is 10010110001111111000 - 1011101101?
10010110000100001011
In base 16, what is -7 + -1ba09d?
-1ba0a4
In base 15, what is -190dae + 3?
-190dab
In base 12, what is -39607 - -4?
-39603
In base 16, what is -4e9f - 255e?
-73fd
In base 13, what is 169b1 - -3345?
1a026
In base 16, what is d1d + 13254?
13f71
In base 16, what is -bb - -420a6?
41feb
In base 12, what is -6076b8 - -5?
-6076b3
In base 11, what is -1936 - 2727?
-4562
In base 3, what is -12100 + 21201201121?
21201112021
In base 14, what is 29 - -174269?
174294
In base 4, what is 23032102 + -1201330?
21230112
In base 7, what is 212315 - -2262?
214610
In base 2, what is 111100001100110 - 1001101?
111100000011